{"id":94,"date":"2022-09-08T12:50:36","date_gmt":"2022-09-08T10:50:36","guid":{"rendered":"http:\/\/sophrologie-claude-mahe.fr\/?page_id=94"},"modified":"2026-04-08T10:57:17","modified_gmt":"2026-04-08T08:57:17","slug":"temoignages","status":"publish","type":"page","link":"https:\/\/sophrologie-claude-mahe.fr\/?page_id=94","title":{"rendered":"T\u00e9moignages"},"content":{"rendered":"\n<div class=\"wp-block-media-text is-stacked-on-mobile\" style=\"grid-template-columns:32% auto\"><figure class=\"wp-block-media-text__media\"><img loading=\"lazy\" decoding=\"async\" width=\"493\" height=\"657\" src=\"https:\/\/sophrologie-claude-mahe.fr\/wp-content\/uploads\/2026\/04\/4.jpg\" alt=\"\" class=\"wp-image-875 size-full\" srcset=\"https:\/\/sophrologie-claude-mahe.fr\/wp-content\/uploads\/2026\/04\/4.jpg 493w, https:\/\/sophrologie-claude-mahe.fr\/wp-content\/uploads\/2026\/04\/4-225x300.jpg 225w\" sizes=\"auto, (max-width: 493px) 100vw, 493px\" \/><\/figure><div class=\"wp-block-media-text__content\">\n<p>&#8220;Les s\u00e9ances d&#8217;hypnose avec Claude ont \u00e9t\u00e9 des moments de pure bienveillance, douceur, et d&#8217;acceptation. N&#8217;ayant jamais v\u00e9cu ce genre d&#8217;exp\u00e9rience, Claude m&#8217;a accompagn\u00e9 dans le processus en d\u00e9licatesse, avec une \u00e9coute impeccable, et une finesse dans le processus. Cela m&#8217;a permis de soulager certains maux int\u00e9rieurs et de me sentir mieux.&#8221;&nbsp;Carole J -Lille.<\/p>\n<\/div><\/div>\n\n\n\n<div class=\"wp-block-media-text is-stacked-on-mobile\" style=\"grid-template-columns:32% auto\"><figure class=\"wp-block-media-text__media\"><\/figure><div class=\"wp-block-media-text__content\">\n<p>&#8220;Ecoute, bienveillance teint\u00e9es d humour, calme permettent le l\u00e2cher prise,&nbsp; l exploration de pistes, l \u00e9laboration de solutions,&nbsp; la r\u00e9flexion quant aux racines du mal \u00eatre pr\u00e9sent.&nbsp;<\/p>\n\n\n\n<p>Je recommande toute personne souhaitant avancer dans sa vie aux bons soins de Claude.&nbsp;<\/p>\n\n\n\n<p>Christine G &#8211; Lille<\/p>\n<\/div><\/div>\n\n\n\n<div class=\"wp-block-columns is-layout-flex wp-container-core-columns-is-layout-9d6595d7 wp-block-columns-is-layout-flex\">\n<div class=\"wp-block-column is-layout-flow wp-block-column-is-layout-flow\">\n<figure class=\"wp-block-image size-full\"><img loading=\"lazy\" decoding=\"async\" width=\"801\" height=\"493\" src=\"https:\/\/sophrologie-claude-mahe.fr\/wp-content\/uploads\/2026\/04\/Capture-decran-2026-04-08-105431-2.png\" alt=\"\" class=\"wp-image-882\" srcset=\"https:\/\/sophrologie-claude-mahe.fr\/wp-content\/uploads\/2026\/04\/Capture-decran-2026-04-08-105431-2.png 801w, https:\/\/sophrologie-claude-mahe.fr\/wp-content\/uploads\/2026\/04\/Capture-decran-2026-04-08-105431-2-300x185.png 300w, https:\/\/sophrologie-claude-mahe.fr\/wp-content\/uploads\/2026\/04\/Capture-decran-2026-04-08-105431-2-768x473.png 768w\" sizes=\"auto, (max-width: 801px) 100vw, 801px\" \/><\/figure>\n<\/div>\n<\/div>\n\n\n\n<p>Monsieur MAHE a accept\u00e9 d\u2019aider notre m\u00e8re, Madame Colette O\u2019CONNOR,<br>ag\u00e9e de 98 ans et r\u00e9sidente en EHPAD, \u00e0 affronter une relative solitude<br>aggrav\u00e9e par l\u2019approche de la mort dont elle avait conscience malgr\u00e9 quelques<br>troubles cognitifs.<br>Son action a dur\u00e9 huit mois, \u00e0 raison de deux rencontres hebdomadaires.<br>Il a d\u2019abord r\u00e9ussi \u00e0 se faire accepter gr\u00e2ce \u00e0 son entregent et son sens de la<br>mesure, minimisant les r\u00e9ticences d\u2019une vieille personne \u00e0 nouer des liens<br>nouveaux.<br>Ses connaissances dans de nombreux domaines lui ont permis d\u2019entrainer<br>notre m\u00e8re dans diverses activit\u00e9s lui faisant retrouver un int\u00e9r\u00eat \u00e0 certaines<br>choses de la vie. Il a par exemple r\u00e9initi\u00e9 notre m\u00e8re \u00e0 la pratique de la<br>peinture, activit\u00e9 qu\u2019elle appr\u00e9ciait beaucoup. Il a eu l\u2019id\u00e9e de confectionner<br>l\u2019arbre g\u00e9n\u00e9alogique des membres proches de la famille, avec la participation<br>active de notre m\u00e8re. Il lui a fait retrouver les beaut\u00e9s de la nature au<br>printemps en la promenant en ext\u00e9rieur.<br>Monsieur MAHE a \u00e9t\u00e9 capable d\u2019aborder sereinement des sujets sensibles tels<br>que la guerre, l\u2019int\u00e9r\u00eat de la vie surtout \u00e0 l\u2019approche de la mort, sujet qu\u2019il a<br>pr\u00e9sent\u00e9 avec l\u2019objectif de d\u00e9dramatiser.<br>D\u2019une fa\u00e7on g\u00e9n\u00e9rale, il a r\u00e9ussi \u00e0 r\u00e9duire les angoisses de toutes sortes.<br>Monsieur MAHE a \u00e9t\u00e9 g\u00e9n\u00e9reux de son temps pour accomplir cette noble t\u00e2che<br>qui est d\u2019accompagner une personne dans sa fin de vie.<br>Ses connaissances, ses comp\u00e9tences, sa g\u00e9n\u00e9rosit\u00e9 ont conf\u00e9r\u00e9 \u00e0 son action<br>une r\u00e9ussite totale.<br>Notre famille lui est grandement reconnaissante et le f\u00e9licite.<br>Monsieur MAHE est sans aucun doute un excellent sophrologue qui a \u00e0 c\u0153ur<br>de pers\u00e9v\u00e9rer dans un domaine qu\u2019il ma\u00eetrise d\u00e9j\u00e0 remarquablement.<\/p>\n\n\n\n<p>Kathleen ZAKKA Patrick O\u2019CONNOR<\/p>\n\n\n\n<p><\/p>\n","protected":false},"excerpt":{"rendered":"<p>&#8220;Les s\u00e9ances d&#8217;hypnose avec Claude ont \u00e9t\u00e9 des moments de pure bienveillance, douceur, et d&#8217;acceptation. N&#8217;ayant jamais v\u00e9cu ce genre d&#8217;exp\u00e9rience, Claude m&#8217;a accompagn\u00e9 dans le processus en d\u00e9licatesse, avec une \u00e9coute impeccable, et une finesse dans le processus. Cela m&#8217;a permis de soulager certains maux int\u00e9rieurs et de me sentir mieux.&#8221;&nbsp;Carole J -Lille. &#8220;Ecoute,&hellip;&nbsp;<a href=\"https:\/\/sophrologie-claude-mahe.fr\/?page_id=94\" class=\"\" rel=\"bookmark\">Read More &raquo;<span class=\"screen-reader-text\">T\u00e9moignages<\/span><\/a><\/p>\n","protected":false},"author":1,"featured_media":0,"parent":0,"menu_order":0,"comment_status":"closed","ping_status":"closed","template":"","meta":{"neve_meta_sidebar":"","neve_meta_container":"","neve_meta_enable_content_width":"","neve_meta_content_width":0,"neve_meta_title_alignment":"","neve_meta_author_avatar":"","neve_post_elements_order":"","neve_meta_disable_header":"","neve_meta_disable_footer":"","neve_meta_disable_title":"","footnotes":""},"class_list":["post-94","page","type-page","status-publish","hentry"],"yoast_head":"<!-- This site is optimized with the Yoast SEO plugin v27.3 - https:\/\/yoast.com\/product\/yoast-seo-wordpress\/ -->\n<title>T\u00e9moignages - Claude Mahe<\/title>\n<meta name=\"robots\" content=\"index, follow, max-snippet:-1, max-image-preview:large, max-video-preview:-1\" \/>\n<link rel=\"canonical\" href=\"https:\/\/sophrologie-claude-mahe.fr\/?page_id=94\" \/>\n<meta property=\"og:locale\" content=\"en_US\" \/>\n<meta property=\"og:type\" content=\"article\" \/>\n<meta property=\"og:title\" content=\"T\u00e9moignages - Claude Mahe\" \/>\n<meta property=\"og:description\" content=\"&#8220;Les s\u00e9ances d&#8217;hypnose avec Claude ont \u00e9t\u00e9 des moments de pure bienveillance, douceur, et d&#8217;acceptation. N&#8217;ayant jamais v\u00e9cu ce genre d&#8217;exp\u00e9rience, Claude m&#8217;a accompagn\u00e9 dans le processus en d\u00e9licatesse, avec une \u00e9coute impeccable, et une finesse dans le processus. Cela m&#8217;a permis de soulager certains maux int\u00e9rieurs et de me sentir mieux.&#8221;&nbsp;Carole J -Lille. &#8220;Ecoute,&hellip;&nbsp;Read More &raquo;T\u00e9moignages\" \/>\n<meta property=\"og:url\" content=\"https:\/\/sophrologie-claude-mahe.fr\/?page_id=94\" \/>\n<meta property=\"og:site_name\" content=\"Claude Mahe\" \/>\n<meta property=\"article:modified_time\" content=\"2026-04-08T08:57:17+00:00\" \/>\n<meta property=\"og:image\" content=\"https:\/\/sophrologie-claude-mahe.fr\/wp-content\/uploads\/2026\/04\/4.jpg\" \/>\n\t<meta property=\"og:image:width\" content=\"493\" \/>\n\t<meta property=\"og:image:height\" content=\"657\" \/>\n\t<meta property=\"og:image:type\" content=\"image\/jpeg\" \/>\n<meta name=\"twitter:card\" content=\"summary_large_image\" \/>\n<meta name=\"twitter:label1\" content=\"Est. reading time\" \/>\n\t<meta name=\"twitter:data1\" content=\"3 minutes\" \/>\n<script type=\"application\/ld+json\" class=\"yoast-schema-graph\">{\"@context\":\"https:\\\/\\\/schema.org\",\"@graph\":[{\"@type\":\"WebPage\",\"@id\":\"https:\\\/\\\/sophrologie-claude-mahe.fr\\\/?page_id=94\",\"url\":\"https:\\\/\\\/sophrologie-claude-mahe.fr\\\/?page_id=94\",\"name\":\"T\u00e9moignages - Claude Mahe\",\"isPartOf\":{\"@id\":\"https:\\\/\\\/sophrologie-claude-mahe.fr\\\/#website\"},\"primaryImageOfPage\":{\"@id\":\"https:\\\/\\\/sophrologie-claude-mahe.fr\\\/?page_id=94#primaryimage\"},\"image\":{\"@id\":\"https:\\\/\\\/sophrologie-claude-mahe.fr\\\/?page_id=94#primaryimage\"},\"thumbnailUrl\":\"https:\\\/\\\/sophrologie-claude-mahe.fr\\\/wp-content\\\/uploads\\\/2026\\\/04\\\/4.jpg\",\"datePublished\":\"2022-09-08T10:50:36+00:00\",\"dateModified\":\"2026-04-08T08:57:17+00:00\",\"breadcrumb\":{\"@id\":\"https:\\\/\\\/sophrologie-claude-mahe.fr\\\/?page_id=94#breadcrumb\"},\"inLanguage\":\"en-US\",\"potentialAction\":[{\"@type\":\"ReadAction\",\"target\":[\"https:\\\/\\\/sophrologie-claude-mahe.fr\\\/?page_id=94\"]}]},{\"@type\":\"ImageObject\",\"inLanguage\":\"en-US\",\"@id\":\"https:\\\/\\\/sophrologie-claude-mahe.fr\\\/?page_id=94#primaryimage\",\"url\":\"https:\\\/\\\/sophrologie-claude-mahe.fr\\\/wp-content\\\/uploads\\\/2026\\\/04\\\/4.jpg\",\"contentUrl\":\"https:\\\/\\\/sophrologie-claude-mahe.fr\\\/wp-content\\\/uploads\\\/2026\\\/04\\\/4.jpg\",\"width\":493,\"height\":657},{\"@type\":\"BreadcrumbList\",\"@id\":\"https:\\\/\\\/sophrologie-claude-mahe.fr\\\/?page_id=94#breadcrumb\",\"itemListElement\":[{\"@type\":\"ListItem\",\"position\":1,\"name\":\"Accueil\",\"item\":\"https:\\\/\\\/sophrologie-claude-mahe.fr\\\/\"},{\"@type\":\"ListItem\",\"position\":2,\"name\":\"T\u00e9moignages\"}]},{\"@type\":\"WebSite\",\"@id\":\"https:\\\/\\\/sophrologie-claude-mahe.fr\\\/#website\",\"url\":\"https:\\\/\\\/sophrologie-claude-mahe.fr\\\/\",\"name\":\"Claude Mahe\",\"description\":\"Sophrologue et hypnopraticien \u00e0 Lille\",\"publisher\":{\"@id\":\"https:\\\/\\\/sophrologie-claude-mahe.fr\\\/#organization\"},\"potentialAction\":[{\"@type\":\"SearchAction\",\"target\":{\"@type\":\"EntryPoint\",\"urlTemplate\":\"https:\\\/\\\/sophrologie-claude-mahe.fr\\\/?s={search_term_string}\"},\"query-input\":{\"@type\":\"PropertyValueSpecification\",\"valueRequired\":true,\"valueName\":\"search_term_string\"}}],\"inLanguage\":\"en-US\"},{\"@type\":\"Organization\",\"@id\":\"https:\\\/\\\/sophrologie-claude-mahe.fr\\\/#organization\",\"name\":\"Claude Mahe\",\"url\":\"https:\\\/\\\/sophrologie-claude-mahe.fr\\\/\",\"logo\":{\"@type\":\"ImageObject\",\"inLanguage\":\"en-US\",\"@id\":\"https:\\\/\\\/sophrologie-claude-mahe.fr\\\/#\\\/schema\\\/logo\\\/image\\\/\",\"url\":\"https:\\\/\\\/sophrologie-claude-mahe.fr\\\/wp-content\\\/uploads\\\/2020\\\/12\\\/web-agency-logo-3.png\",\"contentUrl\":\"https:\\\/\\\/sophrologie-claude-mahe.fr\\\/wp-content\\\/uploads\\\/2020\\\/12\\\/web-agency-logo-3.png\",\"width\":200,\"height\":200,\"caption\":\"Claude Mahe\"},\"image\":{\"@id\":\"https:\\\/\\\/sophrologie-claude-mahe.fr\\\/#\\\/schema\\\/logo\\\/image\\\/\"}}]}<\/script>\n<!-- \/ Yoast SEO plugin. -->","yoast_head_json":{"title":"T\u00e9moignages - Claude Mahe","robots":{"index":"index","follow":"follow","max-snippet":"max-snippet:-1","max-image-preview":"max-image-preview:large","max-video-preview":"max-video-preview:-1"},"canonical":"https:\/\/sophrologie-claude-mahe.fr\/?page_id=94","og_locale":"en_US","og_type":"article","og_title":"T\u00e9moignages - Claude Mahe","og_description":"&#8220;Les s\u00e9ances d&#8217;hypnose avec Claude ont \u00e9t\u00e9 des moments de pure bienveillance, douceur, et d&#8217;acceptation. N&#8217;ayant jamais v\u00e9cu ce genre d&#8217;exp\u00e9rience, Claude m&#8217;a accompagn\u00e9 dans le processus en d\u00e9licatesse, avec une \u00e9coute impeccable, et une finesse dans le processus. Cela m&#8217;a permis de soulager certains maux int\u00e9rieurs et de me sentir mieux.&#8221;&nbsp;Carole J -Lille. &#8220;Ecoute,&hellip;&nbsp;Read More &raquo;T\u00e9moignages","og_url":"https:\/\/sophrologie-claude-mahe.fr\/?page_id=94","og_site_name":"Claude Mahe","article_modified_time":"2026-04-08T08:57:17+00:00","og_image":[{"width":493,"height":657,"url":"https:\/\/sophrologie-claude-mahe.fr\/wp-content\/uploads\/2026\/04\/4.jpg","type":"image\/jpeg"}],"twitter_card":"summary_large_image","twitter_misc":{"Est. reading time":"3 minutes"},"schema":{"@context":"https:\/\/schema.org","@graph":[{"@type":"WebPage","@id":"https:\/\/sophrologie-claude-mahe.fr\/?page_id=94","url":"https:\/\/sophrologie-claude-mahe.fr\/?page_id=94","name":"T\u00e9moignages - Claude Mahe","isPartOf":{"@id":"https:\/\/sophrologie-claude-mahe.fr\/#website"},"primaryImageOfPage":{"@id":"https:\/\/sophrologie-claude-mahe.fr\/?page_id=94#primaryimage"},"image":{"@id":"https:\/\/sophrologie-claude-mahe.fr\/?page_id=94#primaryimage"},"thumbnailUrl":"https:\/\/sophrologie-claude-mahe.fr\/wp-content\/uploads\/2026\/04\/4.jpg","datePublished":"2022-09-08T10:50:36+00:00","dateModified":"2026-04-08T08:57:17+00:00","breadcrumb":{"@id":"https:\/\/sophrologie-claude-mahe.fr\/?page_id=94#breadcrumb"},"inLanguage":"en-US","potentialAction":[{"@type":"ReadAction","target":["https:\/\/sophrologie-claude-mahe.fr\/?page_id=94"]}]},{"@type":"ImageObject","inLanguage":"en-US","@id":"https:\/\/sophrologie-claude-mahe.fr\/?page_id=94#primaryimage","url":"https:\/\/sophrologie-claude-mahe.fr\/wp-content\/uploads\/2026\/04\/4.jpg","contentUrl":"https:\/\/sophrologie-claude-mahe.fr\/wp-content\/uploads\/2026\/04\/4.jpg","width":493,"height":657},{"@type":"BreadcrumbList","@id":"https:\/\/sophrologie-claude-mahe.fr\/?page_id=94#breadcrumb","itemListElement":[{"@type":"ListItem","position":1,"name":"Accueil","item":"https:\/\/sophrologie-claude-mahe.fr\/"},{"@type":"ListItem","position":2,"name":"T\u00e9moignages"}]},{"@type":"WebSite","@id":"https:\/\/sophrologie-claude-mahe.fr\/#website","url":"https:\/\/sophrologie-claude-mahe.fr\/","name":"Claude Mahe","description":"Sophrologue et hypnopraticien \u00e0 Lille","publisher":{"@id":"https:\/\/sophrologie-claude-mahe.fr\/#organization"},"potentialAction":[{"@type":"SearchAction","target":{"@type":"EntryPoint","urlTemplate":"https:\/\/sophrologie-claude-mahe.fr\/?s={search_term_string}"},"query-input":{"@type":"PropertyValueSpecification","valueRequired":true,"valueName":"search_term_string"}}],"inLanguage":"en-US"},{"@type":"Organization","@id":"https:\/\/sophrologie-claude-mahe.fr\/#organization","name":"Claude Mahe","url":"https:\/\/sophrologie-claude-mahe.fr\/","logo":{"@type":"ImageObject","inLanguage":"en-US","@id":"https:\/\/sophrologie-claude-mahe.fr\/#\/schema\/logo\/image\/","url":"https:\/\/sophrologie-claude-mahe.fr\/wp-content\/uploads\/2020\/12\/web-agency-logo-3.png","contentUrl":"https:\/\/sophrologie-claude-mahe.fr\/wp-content\/uploads\/2020\/12\/web-agency-logo-3.png","width":200,"height":200,"caption":"Claude Mahe"},"image":{"@id":"https:\/\/sophrologie-claude-mahe.fr\/#\/schema\/logo\/image\/"}}]}},"_links":{"self":[{"href":"https:\/\/sophrologie-claude-mahe.fr\/index.php?rest_route=\/wp\/v2\/pages\/94","targetHints":{"allow":["GET"]}}],"collection":[{"href":"https:\/\/sophrologie-claude-mahe.fr\/index.php?rest_route=\/wp\/v2\/pages"}],"about":[{"href":"https:\/\/sophrologie-claude-mahe.fr\/index.php?rest_route=\/wp\/v2\/types\/page"}],"author":[{"embeddable":true,"href":"https:\/\/sophrologie-claude-mahe.fr\/index.php?rest_route=\/wp\/v2\/users\/1"}],"replies":[{"embeddable":true,"href":"https:\/\/sophrologie-claude-mahe.fr\/index.php?rest_route=%2Fwp%2Fv2%2Fcomments&post=94"}],"version-history":[{"count":17,"href":"https:\/\/sophrologie-claude-mahe.fr\/index.php?rest_route=\/wp\/v2\/pages\/94\/revisions"}],"predecessor-version":[{"id":883,"href":"https:\/\/sophrologie-claude-mahe.fr\/index.php?rest_route=\/wp\/v2\/pages\/94\/revisions\/883"}],"wp:attachment":[{"href":"https:\/\/sophrologie-claude-mahe.fr\/index.php?rest_route=%2Fwp%2Fv2%2Fmedia&parent=94"}],"curies":[{"name":"wp","href":"https:\/\/api.w.org\/{rel}","templated":true}]}}